{"id":15340,"date":"2025-06-17T00:06:59","date_gmt":"2025-06-17T00:06:59","guid":{"rendered":"https:\/\/escuelalibrejardindelsol.cl\/?page_id=15340"},"modified":"2025-08-13T01:58:21","modified_gmt":"2025-08-13T01:58:21","slug":"inscripcion-a-talleres","status":"publish","type":"page","link":"https:\/\/escuelalibrejardindelsol.cl\/pt\/inscripcion-a-talleres\/","title":{"rendered":"Inscripci\u00f3n a talleres"},"content":{"rendered":"<h3 data-start=\"53\" data-end=\"111\"><img loading=\"lazy\" decoding=\"async\" class=\"wp-image-15545 aligncenter\" src=\"https:\/\/escuelalibrejardindelsol.cl\/wp-content\/uploads\/2025\/07\/Minimalist-Aesthetic-Summer-Photo-Collage-1-300x240.jpg\" alt=\"\" width=\"503\" height=\"402\" srcset=\"https:\/\/escuelalibrejardindelsol.cl\/wp-content\/uploads\/2025\/07\/Minimalist-Aesthetic-Summer-Photo-Collage-1-300x240.jpg 300w, https:\/\/escuelalibrejardindelsol.cl\/wp-content\/uploads\/2025\/07\/Minimalist-Aesthetic-Summer-Photo-Collage-1-1024x819.jpg 1024w, https:\/\/escuelalibrejardindelsol.cl\/wp-content\/uploads\/2025\/07\/Minimalist-Aesthetic-Summer-Photo-Collage-1-768x614.jpg 768w, https:\/\/escuelalibrejardindelsol.cl\/wp-content\/uploads\/2025\/07\/Minimalist-Aesthetic-Summer-Photo-Collage-1-100x80.jpg 100w, https:\/\/escuelalibrejardindelsol.cl\/wp-content\/uploads\/2025\/07\/Minimalist-Aesthetic-Summer-Photo-Collage-1-1536x1229.jpg 1536w, https:\/\/escuelalibrejardindelsol.cl\/wp-content\/uploads\/2025\/07\/Minimalist-Aesthetic-Summer-Photo-Collage-1-2048x1638.jpg 2048w, https:\/\/escuelalibrejardindelsol.cl\/wp-content\/uploads\/2025\/07\/Minimalist-Aesthetic-Summer-Photo-Collage-1-15x12.jpg 15w, https:\/\/escuelalibrejardindelsol.cl\/wp-content\/uploads\/2025\/07\/Minimalist-Aesthetic-Summer-Photo-Collage-1-600x480.jpg 600w\" sizes=\"auto, (max-width: 503px) 100vw, 503px\" \/><\/h3>\n<h3 data-start=\"53\" data-end=\"111\"><\/h3>\n<h3 style=\"text-align: center;\" data-start=\"53\" data-end=\"111\">\ud83c\udf1e \u00a1Bienvenid@ a los <strong data-start=\"130\" data-end=\"191\">Talleres de Desarrollo Integral de Es<\/strong><strong style=\"font-size: 16px;\" data-start=\"130\" data-end=\"191\">cuela Jard\u00edn <\/strong><strong style=\"font-size: 16px;\" data-start=\"130\" data-end=\"191\">Del Sol<\/strong><span style=\"font-size: 16px;\">!<\/span><\/h3>\n<h3 data-start=\"53\" data-end=\"111\"><img loading=\"lazy\" decoding=\"async\" class=\"wp-image-15373 alignright\" style=\"font-size: 16px;\" src=\"https:\/\/escuelalibrejardindelsol.cl\/wp-content\/uploads\/2025\/06\/LOGO-JARDIN-DEL-SOL-1-300x202.png\" alt=\"\" width=\"132\" height=\"89\" srcset=\"https:\/\/escuelalibrejardindelsol.cl\/wp-content\/uploads\/2025\/06\/LOGO-JARDIN-DEL-SOL-1-300x202.png 300w, https:\/\/escuelalibrejardindelsol.cl\/wp-content\/uploads\/2025\/06\/LOGO-JARDIN-DEL-SOL-1-1024x689.png 1024w, https:\/\/escuelalibrejardindelsol.cl\/wp-content\/uploads\/2025\/06\/LOGO-JARDIN-DEL-SOL-1-768x517.png 768w, https:\/\/escuelalibrejardindelsol.cl\/wp-content\/uploads\/2025\/06\/LOGO-JARDIN-DEL-SOL-1-100x67.png 100w, https:\/\/escuelalibrejardindelsol.cl\/wp-content\/uploads\/2025\/06\/LOGO-JARDIN-DEL-SOL-1-1536x1034.png 1536w, https:\/\/escuelalibrejardindelsol.cl\/wp-content\/uploads\/2025\/06\/LOGO-JARDIN-DEL-SOL-1-2048x1378.png 2048w, https:\/\/escuelalibrejardindelsol.cl\/wp-content\/uploads\/2025\/06\/LOGO-JARDIN-DEL-SOL-1-18x12.png 18w, https:\/\/escuelalibrejardindelsol.cl\/wp-content\/uploads\/2025\/06\/LOGO-JARDIN-DEL-SOL-1-750x500.png 750w, https:\/\/escuelalibrejardindelsol.cl\/wp-content\/uploads\/2025\/06\/LOGO-JARDIN-DEL-SOL-1-600x404.png 600w\" sizes=\"auto, (max-width: 132px) 100vw, 132px\" \/><\/h3>\n<p data-start=\"53\" data-end=\"111\">Nos alegra mucho que est\u00e9s aqu\u00ed. Hemos creado este espacio pensando en el crecimiento, la expresi\u00f3n y el bienestar de cada ni\u00f1@, joven y familia que forma parte de nuestra comunidad.<\/p>\n<p data-start=\"53\" data-end=\"111\">Aqu\u00ed encontrar\u00e1s talleres art\u00edsticos, tecnol\u00f3gicos y terap\u00e9uticos, <strong>tanto<\/strong> <strong data-start=\"462\" data-end=\"490\">presenciales como online<\/strong>, dise\u00f1ados con mucho cari\u00f1o por nuestro equipo de educadores(as) y artistas.<\/p>\n<p data-start=\"567\" data-end=\"697\">Explora, elige lo que m\u00e1s te inspire y acomp\u00e1\u00f1anos en este camino de descubrimiento y alegr\u00eda. \ud83c\udf08\u2728<\/p>\n<p data-start=\"567\" data-end=\"697\"><br data-start=\"665\" data-end=\"668\" \/><strong data-start=\"668\" data-end=\"697\">\u00a1Que empiece la aventura!<\/strong><\/p>\n<p data-start=\"567\" data-end=\"697\">Siempre es tiempo de aprender, cu\u00e9ntanos en que etapa est\u00e1s:<\/p>\n<p data-start=\"567\" data-end=\"697\"><a href=\"https:\/\/escuelalibrejardindelsol.cl\/pt\/talleres\/\"><img loading=\"lazy\" decoding=\"async\" class=\"size-medium wp-image-15371 alignleft\" src=\"https:\/\/escuelalibrejardindelsol.cl\/wp-content\/uploads\/2025\/06\/BOTON-NIN@S-300x129.png\" alt=\"\" width=\"300\" height=\"129\" srcset=\"https:\/\/escuelalibrejardindelsol.cl\/wp-content\/uploads\/2025\/06\/BOTON-NIN@S-300x129.png 300w, https:\/\/escuelalibrejardindelsol.cl\/wp-content\/uploads\/2025\/06\/BOTON-NIN@S-100x43.png 100w, https:\/\/escuelalibrejardindelsol.cl\/wp-content\/uploads\/2025\/06\/BOTON-NIN@S-18x8.png 18w, https:\/\/escuelalibrejardindelsol.cl\/wp-content\/uploads\/2025\/06\/BOTON-NIN@S.png 472w\" sizes=\"auto, (max-width: 300px) 100vw, 300px\" \/><\/a><a href=\"https:\/\/escuelalibrejardindelsol.cl\/pt\/talleres-adolescentes\/\"><img loading=\"lazy\" decoding=\"async\" class=\"size-medium wp-image-15593 alignright\" src=\"https:\/\/escuelalibrejardindelsol.cl\/wp-content\/uploads\/2025\/08\/botones-4-300x129.png\" alt=\"\" width=\"300\" height=\"129\" srcset=\"https:\/\/escuelalibrejardindelsol.cl\/wp-content\/uploads\/2025\/08\/botones-4-300x129.png 300w, https:\/\/escuelalibrejardindelsol.cl\/wp-content\/uploads\/2025\/08\/botones-4-100x43.png 100w, https:\/\/escuelalibrejardindelsol.cl\/wp-content\/uploads\/2025\/08\/botones-4-18x8.png 18w, https:\/\/escuelalibrejardindelsol.cl\/wp-content\/uploads\/2025\/08\/botones-4.png 472w\" sizes=\"auto, (max-width: 300px) 100vw, 300px\" \/><\/a><\/p>\n<p data-start=\"567\" data-end=\"697\"><a href=\"https:\/\/escuelalibrejardindelsol.cl\/pt\/artes-integradas-tea\/\"><img loading=\"lazy\" decoding=\"async\" class=\"wp-image-15426 aligncenter\" src=\"https:\/\/escuelalibrejardindelsol.cl\/wp-content\/uploads\/2025\/07\/ChatGPT-Image-8-jul-2025-21_55_04-1-300x300.png\" alt=\"\" width=\"137\" height=\"137\" srcset=\"https:\/\/escuelalibrejardindelsol.cl\/wp-content\/uploads\/2025\/07\/ChatGPT-Image-8-jul-2025-21_55_04-1-300x300.png 300w, https:\/\/escuelalibrejardindelsol.cl\/wp-content\/uploads\/2025\/07\/ChatGPT-Image-8-jul-2025-21_55_04-1-150x150.png 150w, https:\/\/escuelalibrejardindelsol.cl\/wp-content\/uploads\/2025\/07\/ChatGPT-Image-8-jul-2025-21_55_04-1-768x768.png 768w, https:\/\/escuelalibrejardindelsol.cl\/wp-content\/uploads\/2025\/07\/ChatGPT-Image-8-jul-2025-21_55_04-1-100x100.png 100w, https:\/\/escuelalibrejardindelsol.cl\/wp-content\/uploads\/2025\/07\/ChatGPT-Image-8-jul-2025-21_55_04-1-12x12.png 12w, https:\/\/escuelalibrejardindelsol.cl\/wp-content\/uploads\/2025\/07\/ChatGPT-Image-8-jul-2025-21_55_04-1-250x250.png 250w, https:\/\/escuelalibrejardindelsol.cl\/wp-content\/uploads\/2025\/07\/ChatGPT-Image-8-jul-2025-21_55_04-1-174x174.png 174w, https:\/\/escuelalibrejardindelsol.cl\/wp-content\/uploads\/2025\/07\/ChatGPT-Image-8-jul-2025-21_55_04-1-600x600.png 600w, https:\/\/escuelalibrejardindelsol.cl\/wp-content\/uploads\/2025\/07\/ChatGPT-Image-8-jul-2025-21_55_04-1.png 1024w\" sizes=\"auto, (max-width: 137px) 100vw, 137px\" \/><\/a><\/p>\n<p><img loading=\"lazy\" decoding=\"async\" class=\"size-medium wp-image-15368 alignright\" src=\"https:\/\/escuelalibrejardindelsol.cl\/wp-content\/uploads\/2025\/06\/BOTON-ADULTO-MAYOR-300x129.png\" alt=\"\" width=\"300\" height=\"129\" srcset=\"https:\/\/escuelalibrejardindelsol.cl\/wp-content\/uploads\/2025\/06\/BOTON-ADULTO-MAYOR-300x129.png 300w, https:\/\/escuelalibrejardindelsol.cl\/wp-content\/uploads\/2025\/06\/BOTON-ADULTO-MAYOR-100x43.png 100w, https:\/\/escuelalibrejardindelsol.cl\/wp-content\/uploads\/2025\/06\/BOTON-ADULTO-MAYOR-18x8.png 18w, https:\/\/escuelalibrejardindelsol.cl\/wp-content\/uploads\/2025\/06\/BOTON-ADULTO-MAYOR.png 472w\" sizes=\"auto, (max-width: 300px) 100vw, 300px\" \/><\/p>\n<p><img loading=\"lazy\" decoding=\"async\" class=\"size-medium wp-image-15369 alignleft\" src=\"https:\/\/escuelalibrejardindelsol.cl\/wp-content\/uploads\/2025\/06\/Proyecto-nuevo-59-300x129.png\" alt=\"\" width=\"300\" height=\"129\" srcset=\"https:\/\/escuelalibrejardindelsol.cl\/wp-content\/uploads\/2025\/06\/Proyecto-nuevo-59-300x129.png 300w, https:\/\/escuelalibrejardindelsol.cl\/wp-content\/uploads\/2025\/06\/Proyecto-nuevo-59-100x43.png 100w, https:\/\/escuelalibrejardindelsol.cl\/wp-content\/uploads\/2025\/06\/Proyecto-nuevo-59-18x8.png 18w, https:\/\/escuelalibrejardindelsol.cl\/wp-content\/uploads\/2025\/06\/Proyecto-nuevo-59.png 472w\" sizes=\"auto, (max-width: 300px) 100vw, 300px\" \/><\/p>","protected":false},"excerpt":{"rendered":"<p>\ud83c\udf1e \u00a1Bienvenid@ a los Talleres de Desarrollo Integral de Escuela Jard\u00edn Del Sol! Nos alegra mucho que est\u00e9s aqu\u00ed. Hemos creado este espacio pensando en el crecimiento, la expresi\u00f3n y el bienestar de cada ni\u00f1@, joven y familia que forma parte de nuestra comunidad. Aqu\u00ed encontrar\u00e1s talleres art\u00edsticos, tecnol\u00f3gicos y terap\u00e9uticos, tanto presenciales como online, <a href=\"https:\/\/escuelalibrejardindelsol.cl\/pt\/inscripcion-a-talleres\/\" rel=\"nofollow\"><span class=\"sr-only\">Read more about Inscripci\u00f3n a talleres<\/span>[&hellip;]<\/a><\/p>\n","protected":false},"author":1,"featured_media":0,"parent":0,"menu_order":0,"comment_status":"closed","ping_status":"closed","template":"","meta":{"footnotes":""},"class_list":["post-15340","page","type-page","status-publish","hentry"],"_links":{"self":[{"href":"https:\/\/escuelalibrejardindelsol.cl\/pt\/wp-json\/wp\/v2\/pages\/15340","targetHints":{"allow":["GET"]}}],"collection":[{"href":"https:\/\/escuelalibrejardindelsol.cl\/pt\/wp-json\/wp\/v2\/pages"}],"about":[{"href":"https:\/\/escuelalibrejardindelsol.cl\/pt\/wp-json\/wp\/v2\/types\/page"}],"author":[{"embeddable":true,"href":"https:\/\/escuelalibrejardindelsol.cl\/pt\/wp-json\/wp\/v2\/users\/1"}],"replies":[{"embeddable":true,"href":"https:\/\/escuelalibrejardindelsol.cl\/pt\/wp-json\/wp\/v2\/comments?post=15340"}],"version-history":[{"count":12,"href":"https:\/\/escuelalibrejardindelsol.cl\/pt\/wp-json\/wp\/v2\/pages\/15340\/revisions"}],"predecessor-version":[{"id":15595,"href":"https:\/\/escuelalibrejardindelsol.cl\/pt\/wp-json\/wp\/v2\/pages\/15340\/revisions\/15595"}],"wp:attachment":[{"href":"https:\/\/escuelalibrejardindelsol.cl\/pt\/wp-json\/wp\/v2\/media?parent=15340"}],"curies":[{"name":"wp","href":"https:\/\/api.w.org\/{rel}","templated":true}]}}

Inscripción a talleres

<h3 data-start="53" data-end="111"><img loading="lazy" decoding="async" class="wp-image-15545 aligncenter" src="https://escuelalibrejardindelsol.cl/wp-content/uploads/2025/07/Minimalist-Aesthetic-Summer-Photo-Collage-1-300x240.jpg" alt="" width="503" height="402" srcset="https://escuelalibrejardindelsol.cl/wp-content/uploads/2025/07/Minimalist-Aesthetic-Summer-Photo-Collage-1-300x240.jpg 300w, https://escuelalibrejardindelsol.cl/wp-content/uploads/2025/07/Minimalist-Aesthetic-Summer-Photo-Collage-1-1024x819.jpg 1024w, https://escuelalibrejardindelsol.cl/wp-content/uploads/2025/07/Minimalist-Aesthetic-Summer-Photo-Collage-1-768x614.jpg 768w, https://escuelalibrejardindelsol.cl/wp-content/uploads/2025/07/Minimalist-Aesthetic-Summer-Photo-Collage-1-100x80.jpg 100w, https://escuelalibrejardindelsol.cl/wp-content/uploads/2025/07/Minimalist-Aesthetic-Summer-Photo-Collage-1-1536x1229.jpg 1536w, https://escuelalibrejardindelsol.cl/wp-content/uploads/2025/07/Minimalist-Aesthetic-Summer-Photo-Collage-1-2048x1638.jpg 2048w, https://escuelalibrejardindelsol.cl/wp-content/uploads/2025/07/Minimalist-Aesthetic-Summer-Photo-Collage-1-15x12.jpg 15w, https://escuelalibrejardindelsol.cl/wp-content/uploads/2025/07/Minimalist-Aesthetic-Summer-Photo-Collage-1-600x480.jpg 600w" sizes="auto, (max-width: 503px) 100vw, 503px" /></h3>
<h3 data-start="53" data-end="111"></h3>
<h3 style="text-align: center;" data-start="53" data-end="111">🌞 ¡Bienvenid@ a los <strong data-start="130" data-end="191">Talleres de Desarrollo Integral de Es</strong><strong style="font-size: 16px;" data-start="130" data-end="191">cuela Jardín </strong><strong style="font-size: 16px;" data-start="130" data-end="191">Del Sol</strong><span style="font-size: 16px;">!</span></h3>
<h3 data-start="53" data-end="111"><img loading="lazy" decoding="async" class="wp-image-15373 alignright" style="font-size: 16px;" src="https://escuelalibrejardindelsol.cl/wp-content/uploads/2025/06/LOGO-JARDIN-DEL-SOL-1-300x202.png" alt="" width="132" height="89" srcset="https://escuelalibrejardindelsol.cl/wp-content/uploads/2025/06/LOGO-JARDIN-DEL-SOL-1-300x202.png 300w, https://escuelalibrejardindelsol.cl/wp-content/uploads/2025/06/LOGO-JARDIN-DEL-SOL-1-1024x689.png 1024w, https://escuelalibrejardindelsol.cl/wp-content/uploads/2025/06/LOGO-JARDIN-DEL-SOL-1-768x517.png 768w, https://escuelalibrejardindelsol.cl/wp-content/uploads/2025/06/LOGO-JARDIN-DEL-SOL-1-100x67.png 100w, https://escuelalibrejardindelsol.cl/wp-content/uploads/2025/06/LOGO-JARDIN-DEL-SOL-1-1536x1034.png 1536w, https://escuelalibrejardindelsol.cl/wp-content/uploads/2025/06/LOGO-JARDIN-DEL-SOL-1-2048x1378.png 2048w, https://escuelalibrejardindelsol.cl/wp-content/uploads/2025/06/LOGO-JARDIN-DEL-SOL-1-18x12.png 18w, https://escuelalibrejardindelsol.cl/wp-content/uploads/2025/06/LOGO-JARDIN-DEL-SOL-1-750x500.png 750w, https://escuelalibrejardindelsol.cl/wp-content/uploads/2025/06/LOGO-JARDIN-DEL-SOL-1-600x404.png 600w" sizes="auto, (max-width: 132px) 100vw, 132px" /></h3>
<p data-start="53" data-end="111">Nos alegra mucho que estés aquí. Hemos creado este espacio pensando en el crecimiento, la expresión y el bienestar de cada niñ@, joven y familia que forma parte de nuestra comunidad.</p>
<p data-start="53" data-end="111">Aquí encontrarás talleres artísticos, tecnológicos y terapéuticos, <strong>tanto</strong> <strong data-start="462" data-end="490">presenciales como online</strong>, diseñados con mucho cariño por nuestro equipo de educadores(as) y artistas.</p>
<p data-start="567" data-end="697">Explora, elige lo que más te inspire y acompáñanos en este camino de descubrimiento y alegría. 🌈✨</p>
<p data-start="567" data-end="697"><br data-start="665" data-end="668" /><strong data-start="668" data-end="697">¡Que empiece la aventura!</strong></p>
<p data-start="567" data-end="697">Siempre es tiempo de aprender, cuéntanos en que etapa estás:</p>
<p data-start="567" data-end="697"><a href="https://escuelalibrejardindelsol.cl/pt/talleres/"><img loading="lazy" decoding="async" class="size-medium wp-image-15371 alignleft" src="https://escuelalibrejardindelsol.cl/wp-content/uploads/2025/06/BOTON-NIN@S-300x129.png" alt="" width="300" height="129" srcset="https://escuelalibrejardindelsol.cl/wp-content/uploads/2025/06/BOTON-NIN@S-300x129.png 300w, https://escuelalibrejardindelsol.cl/wp-content/uploads/2025/06/BOTON-NIN@S-100x43.png 100w, https://escuelalibrejardindelsol.cl/wp-content/uploads/2025/06/BOTON-NIN@S-18x8.png 18w, https://escuelalibrejardindelsol.cl/wp-content/uploads/2025/06/BOTON-NIN@S.png 472w" sizes="auto, (max-width: 300px) 100vw, 300px" /></a><a href="https://escuelalibrejardindelsol.cl/pt/talleres-adolescentes/"><img loading="lazy" decoding="async" class="size-medium wp-image-15593 alignright" src="https://escuelalibrejardindelsol.cl/wp-content/uploads/2025/08/botones-4-300x129.png" alt="" width="300" height="129" srcset="https://escuelalibrejardindelsol.cl/wp-content/uploads/2025/08/botones-4-300x129.png 300w, https://escuelalibrejardindelsol.cl/wp-content/uploads/2025/08/botones-4-100x43.png 100w, https://escuelalibrejardindelsol.cl/wp-content/uploads/2025/08/botones-4-18x8.png 18w, https://escuelalibrejardindelsol.cl/wp-content/uploads/2025/08/botones-4.png 472w" sizes="auto, (max-width: 300px) 100vw, 300px" /></a></p>
<p data-start="567" data-end="697"><a href="https://escuelalibrejardindelsol.cl/pt/artes-integradas-tea/"><img loading="lazy" decoding="async" class="wp-image-15426 aligncenter" src="https://escuelalibrejardindelsol.cl/wp-content/uploads/2025/07/ChatGPT-Image-8-jul-2025-21_55_04-1-300x300.png" alt="" width="137" height="137" srcset="https://escuelalibrejardindelsol.cl/wp-content/uploads/2025/07/ChatGPT-Image-8-jul-2025-21_55_04-1-300x300.png 300w, https://escuelalibrejardindelsol.cl/wp-content/uploads/2025/07/ChatGPT-Image-8-jul-2025-21_55_04-1-150x150.png 150w, https://escuelalibrejardindelsol.cl/wp-content/uploads/2025/07/ChatGPT-Image-8-jul-2025-21_55_04-1-768x768.png 768w, https://escuelalibrejardindelsol.cl/wp-content/uploads/2025/07/ChatGPT-Image-8-jul-2025-21_55_04-1-100x100.png 100w, https://escuelalibrejardindelsol.cl/wp-content/uploads/2025/07/ChatGPT-Image-8-jul-2025-21_55_04-1-12x12.png 12w, https://escuelalibrejardindelsol.cl/wp-content/uploads/2025/07/ChatGPT-Image-8-jul-2025-21_55_04-1-250x250.png 250w, https://escuelalibrejardindelsol.cl/wp-content/uploads/2025/07/ChatGPT-Image-8-jul-2025-21_55_04-1-174x174.png 174w, https://escuelalibrejardindelsol.cl/wp-content/uploads/2025/07/ChatGPT-Image-8-jul-2025-21_55_04-1-600x600.png 600w, https://escuelalibrejardindelsol.cl/wp-content/uploads/2025/07/ChatGPT-Image-8-jul-2025-21_55_04-1.png 1024w" sizes="auto, (max-width: 137px) 100vw, 137px" /></a></p>
<p><img loading="lazy" decoding="async" class="size-medium wp-image-15368 alignright" src="https://escuelalibrejardindelsol.cl/wp-content/uploads/2025/06/BOTON-ADULTO-MAYOR-300x129.png" alt="" width="300" height="129" srcset="https://escuelalibrejardindelsol.cl/wp-content/uploads/2025/06/BOTON-ADULTO-MAYOR-300x129.png 300w, https://escuelalibrejardindelsol.cl/wp-content/uploads/2025/06/BOTON-ADULTO-MAYOR-100x43.png 100w, https://escuelalibrejardindelsol.cl/wp-content/uploads/2025/06/BOTON-ADULTO-MAYOR-18x8.png 18w, https://escuelalibrejardindelsol.cl/wp-content/uploads/2025/06/BOTON-ADULTO-MAYOR.png 472w" sizes="auto, (max-width: 300px) 100vw, 300px" /></p>
<p><img loading="lazy" decoding="async" class="size-medium wp-image-15369 alignleft" src="https://escuelalibrejardindelsol.cl/wp-content/uploads/2025/06/Proyecto-nuevo-59-300x129.png" alt="" width="300" height="129" srcset="https://escuelalibrejardindelsol.cl/wp-content/uploads/2025/06/Proyecto-nuevo-59-300x129.png 300w, https://escuelalibrejardindelsol.cl/wp-content/uploads/2025/06/Proyecto-nuevo-59-100x43.png 100w, https://escuelalibrejardindelsol.cl/wp-content/uploads/2025/06/Proyecto-nuevo-59-18x8.png 18w, https://escuelalibrejardindelsol.cl/wp-content/uploads/2025/06/Proyecto-nuevo-59.png 472w" sizes="auto, (max-width: 300px) 100vw, 300px" /></p>

<p>🌞 ¡Bienvenid@ a los Talleres de Desarrollo Integral de Escuela Jardín Del Sol! Nos alegra mucho que estés aquí. Hemos creado este espacio pensando en el crecimiento, la expresión y el bienestar de cada niñ@, joven y familia que forma parte de nuestra comunidad. Aquí encontrarás talleres artísticos, tecnológicos y terapéuticos, tanto presenciales como online, <a href="https://escuelalibrejardindelsol.cl/pt/inscripcion-a-talleres/" rel="nofollow"><span class="sr-only">Read more about Inscripción a talleres</span>[&hellip;]</a></p>
