{"id":8406,"date":"2022-06-17T17:19:35","date_gmt":"2022-06-17T17:19:35","guid":{"rendered":"https:\/\/escuelalibrejardindelsol.cl\/?post_type=course&#038;p=8406"},"modified":"2022-06-17T17:19:35","modified_gmt":"2022-06-17T17:19:35","slug":"matematica-operatoria-con-numeros-racionales","status":"publish","type":"course","link":"https:\/\/escuelalibrejardindelsol.cl\/pt\/curso\/matematica-operatoria-con-numeros-racionales\/","title":{"rendered":"Matem\u00e1tica: Operatoria con n\u00fameros racionales"},"content":{"rendered":"<p><strong>Objetivo:<\/strong> Aplican operatoria de n\u00fameros racionales. Propiedades de las potencias: base racional y exponente entero.<\/p>\n<p><strong>Veamos los siguientes videos:<\/strong><\/p>\n<p>https:\/\/www.youtube.com\/watch?v=M23TYu7fV8o<\/p>\n<p><iframe loading=\"lazy\" title=\"Potencias de base racional y exponente entero, una introducci\u00f3n\" width=\"640\" height=\"360\" src=\"https:\/\/www.youtube.com\/embed\/TMQiq8B-UXU?feature=oembed&#038;enablejsapi=1&#038;origin=https:\/\/escuelalibrejardindelsol.cl\/pt\" frameborder=\"0\" allow=\"accelerometer; autoplay; clipboard-write; encrypted-media; gyroscope; picture-in-picture; web-share\" referrerpolicy=\"strict-origin-when-cross-origin\" allowfullscreen><\/iframe><\/p>\n<p><iframe loading=\"lazy\" title=\"Potencia Base Racional y Exponente Entero  (parte 1)\" width=\"640\" height=\"480\" src=\"https:\/\/www.youtube.com\/embed\/aCtDvir3__E?feature=oembed&#038;enablejsapi=1&#038;origin=https:\/\/escuelalibrejardindelsol.cl\/pt\" frameborder=\"0\" allow=\"accelerometer; autoplay; clipboard-write; encrypted-media; gyroscope; picture-in-picture; web-share\" referrerpolicy=\"strict-origin-when-cross-origin\" allowfullscreen><\/iframe><\/p>\n<p><iframe loading=\"lazy\" title=\"\u00bfPor qu\u00e9 un n\u00famero dividido entre cero \u201cda\u201d infinito?\" width=\"640\" height=\"360\" src=\"https:\/\/www.youtube.com\/embed\/5mjX7g9EbGY?feature=oembed&#038;enablejsapi=1&#038;origin=https:\/\/escuelalibrejardindelsol.cl\/pt\" frameborder=\"0\" allow=\"accelerometer; autoplay; clipboard-write; encrypted-media; gyroscope; picture-in-picture; web-share\" referrerpolicy=\"strict-origin-when-cross-origin\" allowfullscreen><\/iframe><\/p>\n<p>Juguemos:<\/p>\n<p><a href=\"https:\/\/www.cerebriti.com\/juegos-de-matematicas\/cual-es-la-potencia\">https:\/\/www.cerebriti.com\/juegos-de-matematicas\/cual-es-la-potencia<\/a><\/p>\n<blockquote class=\"wp-embedded-content\" data-secret=\"klWkkRf3CY\"><p><a href=\"https:\/\/www.cokitos.com\/resolver-operaciones-combinadas\/\">Resolver Operaciones Combinadas<\/a><\/p><\/blockquote>\n<p><iframe loading=\"lazy\" class=\"wp-embedded-content\" sandbox=\"allow-scripts\" security=\"restricted\" style=\"position: absolute; visibility: hidden;\" title=\"\u00abResolver Operaciones Combinadas\u00bb \u2014 COKITOS\" src=\"https:\/\/www.cokitos.com\/resolver-operaciones-combinadas\/embed\/#?secret=a922K7aO3k#?secret=klWkkRf3CY\" data-secret=\"klWkkRf3CY\" width=\"600\" height=\"338\" frameborder=\"0\" marginwidth=\"0\" marginheight=\"0\" scrolling=\"no\"><\/iframe><\/p>\n<p><a href=\"https:\/\/www.arcademics.com\/games\/otter-rush\">https:\/\/www.arcademics.com\/games\/otter-rush<\/a><\/p>\n<p>&nbsp;<\/p>\n<p>&nbsp;<\/p>\n<p><iframe loading=\"lazy\" class=\"wp-embedded-content\" sandbox=\"allow-scripts\" security=\"restricted\" title=\"Propiedades de la potencia \" src=\"https:\/\/wordwall.net\/es\/embed\/5679ec4d50ed42a39ba2b83d8e3dbb36?themeId=0&#038;ref=oembed#?secret=EoS6rBfD4P\" data-secret=\"EoS6rBfD4P\" width=\"500\" height=\"380\" frameborder=\"0\"><\/iframe><\/p>\n<p>&nbsp;<\/p>\n<p>Realiza las siguientes gu\u00edas:<\/p>\n<p>Gu\u00eda 1: <a href=\"https:\/\/escuelalibrejardindelsol.cl\/wp-content\/uploads\/2022\/03\/MT-1M-Gu\u00eda-propiedades-de-potencias.pdf\">MT &#8211; 1M &#8211; Gu\u00eda propiedades de potencias<\/a><\/p>\n<p>Gu\u00eda 2: <a href=\"https:\/\/escuelalibrejardindelsol.cl\/wp-content\/uploads\/2022\/03\/MT-1M-Gu\u00eda-Operatoria-en-racionales.pdf\">MT &#8211; 1M &#8211; Gu\u00eda Operatoria en racionales<\/a><\/p>\n<p>&nbsp;<\/p>\n<p>&nbsp;<\/p>","protected":false},"excerpt":{"rendered":"<p>Objetivo: Aplican operatoria de n\u00fameros racionales. Propiedades de las potencias: base racional y exponente entero. Veamos los siguientes videos: https:\/\/www.youtube.com\/watch?v=M23TYu7fV8o Juguemos: https:\/\/www.cerebriti.com\/juegos-de-matematicas\/cual-es-la-potencia Resolver Operaciones Combinadas https:\/\/www.arcademics.com\/games\/otter-rush &nbsp; &nbsp; &nbsp; Realiza las siguientes gu\u00edas: Gu\u00eda 1: MT &#8211; 1M &#8211; Gu\u00eda propiedades de potencias Gu\u00eda 2: MT &#8211; 1M &#8211; Gu\u00eda Operatoria en racionales &nbsp; &nbsp;<\/p>","protected":false},"author":1,"featured_media":0,"template":"","meta":{"_course_prerequisite":0,"_course_featured":"","_sensei_self_enrollment_not_allowed":false,"disable_notification":false,"_open_access":false,"sensei_course_publish_lessons":true,"_course_theme":"wordpress-theme","sensei_course_video_autocomplete":false,"sensei_course_video_autopause":false,"sensei_course_video_required":false,"footnotes":""},"course-category":[151],"class_list":["post-8406","course","type-course","status-publish","hentry","course-category-ensenanza-media","module-matematicas","post"],"_links":{"self":[{"href":"https:\/\/escuelalibrejardindelsol.cl\/pt\/wp-json\/wp\/v2\/courses\/8406","targetHints":{"allow":["GET"]}}],"collection":[{"href":"https:\/\/escuelalibrejardindelsol.cl\/pt\/wp-json\/wp\/v2\/courses"}],"about":[{"href":"https:\/\/escuelalibrejardindelsol.cl\/pt\/wp-json\/wp\/v2\/types\/course"}],"author":[{"embeddable":true,"href":"https:\/\/escuelalibrejardindelsol.cl\/pt\/wp-json\/wp\/v2\/users\/1"}],"version-history":[{"count":5,"href":"https:\/\/escuelalibrejardindelsol.cl\/pt\/wp-json\/wp\/v2\/courses\/8406\/revisions"}],"predecessor-version":[{"id":9068,"href":"https:\/\/escuelalibrejardindelsol.cl\/pt\/wp-json\/wp\/v2\/courses\/8406\/revisions\/9068"}],"wp:attachment":[{"href":"https:\/\/escuelalibrejardindelsol.cl\/pt\/wp-json\/wp\/v2\/media?parent=8406"}],"wp:term":[{"taxonomy":"course-category","embeddable":true,"href":"https:\/\/escuelalibrejardindelsol.cl\/pt\/wp-json\/wp\/v2\/course-category?post=8406"}],"curies":[{"name":"wp","href":"https:\/\/api.w.org\/{rel}","templated":true}]}}

Matemática: Operatoria con números racionales

<p><strong>Objetivo:</strong> Aplican operatoria de números racionales. Propiedades de las potencias: base racional y exponente entero.</p>
<p><strong>Veamos los siguientes videos:</strong></p>
<p>https://www.youtube.com/watch?v=M23TYu7fV8o</p>
<p><iframe loading="lazy" title="Potencias de base racional y exponente entero, una introducción" width="640" height="360" src="https://www.youtube.com/embed/TMQiq8B-UXU?feature=oembed&#038;enablejsapi=1&#038;origin=https://escuelalibrejardindelsol.cl/pt" frameborder="0" allow="accelerometer; autoplay; clipboard-write; encrypted-media; gyroscope; picture-in-picture; web-share" referrerpolicy="strict-origin-when-cross-origin" allowfullscreen></iframe></p>
<p><iframe loading="lazy" title="Potencia Base Racional y Exponente Entero  (parte 1)" width="640" height="480" src="https://www.youtube.com/embed/aCtDvir3__E?feature=oembed&#038;enablejsapi=1&#038;origin=https://escuelalibrejardindelsol.cl/pt" frameborder="0" allow="accelerometer; autoplay; clipboard-write; encrypted-media; gyroscope; picture-in-picture; web-share" referrerpolicy="strict-origin-when-cross-origin" allowfullscreen></iframe></p>
<p><iframe loading="lazy" title="¿Por qué un número dividido entre cero “da” infinito?" width="640" height="360" src="https://www.youtube.com/embed/5mjX7g9EbGY?feature=oembed&#038;enablejsapi=1&#038;origin=https://escuelalibrejardindelsol.cl/pt" frameborder="0" allow="accelerometer; autoplay; clipboard-write; encrypted-media; gyroscope; picture-in-picture; web-share" referrerpolicy="strict-origin-when-cross-origin" allowfullscreen></iframe></p>
<p>Juguemos:</p>
<p><a href="https://www.cerebriti.com/juegos-de-matematicas/cual-es-la-potencia">https://www.cerebriti.com/juegos-de-matematicas/cual-es-la-potencia</a></p>
<blockquote class="wp-embedded-content" data-secret="klWkkRf3CY"><p><a href="https://www.cokitos.com/resolver-operaciones-combinadas/">Resolver Operaciones Combinadas</a></p></blockquote>
<p><iframe loading="lazy" class="wp-embedded-content" sandbox="allow-scripts" security="restricted" style="position: absolute; visibility: hidden;" title="«Resolver Operaciones Combinadas» — COKITOS" src="https://www.cokitos.com/resolver-operaciones-combinadas/embed/#?secret=a922K7aO3k#?secret=klWkkRf3CY" data-secret="klWkkRf3CY" width="600" height="338" frameborder="0" marginwidth="0" marginheight="0" scrolling="no"></iframe></p>
<p><a href="https://www.arcademics.com/games/otter-rush">https://www.arcademics.com/games/otter-rush</a></p>
<p>&nbsp;</p>
<p>&nbsp;</p>
<p><iframe loading="lazy" class="wp-embedded-content" sandbox="allow-scripts" security="restricted" title="Propiedades de la potencia " src="https://wordwall.net/es/embed/5679ec4d50ed42a39ba2b83d8e3dbb36?themeId=0&#038;ref=oembed#?secret=EoS6rBfD4P" data-secret="EoS6rBfD4P" width="500" height="380" frameborder="0"></iframe></p>
<p>&nbsp;</p>
<p>Realiza las siguientes guías:</p>
<p>Guía 1: <a href="https://escuelalibrejardindelsol.cl/wp-content/uploads/2022/03/MT-1M-Guía-propiedades-de-potencias.pdf">MT &#8211; 1M &#8211; Guía propiedades de potencias</a></p>
<p>Guía 2: <a href="https://escuelalibrejardindelsol.cl/wp-content/uploads/2022/03/MT-1M-Guía-Operatoria-en-racionales.pdf">MT &#8211; 1M &#8211; Guía Operatoria en racionales</a></p>
<p>&nbsp;</p>
<p>&nbsp;</p>

<p>Objetivo: Aplican operatoria de números racionales. Propiedades de las potencias: base racional y exponente entero. Veamos los siguientes videos: https://www.youtube.com/watch?v=M23TYu7fV8o Juguemos: https://www.cerebriti.com/juegos-de-matematicas/cual-es-la-potencia Resolver Operaciones Combinadas https://www.arcademics.com/games/otter-rush &nbsp; &nbsp; &nbsp; Realiza las siguientes guías: Guía 1: MT &#8211; 1M &#8211; Guía propiedades de potencias Guía 2: MT &#8211; 1M &#8211; Guía Operatoria en racionales &nbsp; &nbsp;</p>
